What is the ten thousands digit of 432609?
3
What is the thousands digit of 355814?
5
What is the thousands digit of 80436?
0
What is the ten thousands digit of 662844?
6
What is the thousands digit of 9800867?
0
What is the hundred thousands digit of 690946?
6
What is the hundreds digit of 1070246?
2
What is the millions digit of 1087166?
1
What is the hundreds digit of 6260693?
6
What is the units digit of 2137510?
0
What is the thousands digit of 218984?
8
What is the hundreds digit of 179099?
0
What is the tens digit of 58519?
1
What is the tens digit of 247950?
5
What is the millions digit of 12844417?
2
What is the ten thousands digit of 18355?
1
What is the hundreds digit of 195799?
7
What is the ten thousands digit of 94692?
9
What is the units digit of 2054406?
6
What is the thousands digit of 126813?
6
What is the ten thousands digit of 3130932?
3
What is the thousands digit of 159161?
9
What is the units digit of 224317?
7
What is the units digit of 235156?
6
What is the ten thousands digit of 644945?
4
What is the ten thousands digit of 3514072?
1
What is the units digit of 300139?
9
What is the hundreds digit of 5764312?
3
What is the tens digit of 448995?
9
What is the thousands digit of 4151877?
1
What is the units digit of 325514?
4
What is the thousands digit of 4934422?
4
What is the hundred thousands digit of 155686?
1
What is the hundred thousands digit of 1908406?
9
What is the thousands digit of 89909?
9
What is the hundreds digit of 1771771?
7
What is the tens digit of 1205760?
6
What is the millions digit of 2766767?
2
What is the thousands digit of 142142?
2
What is the ten thousands digit of 3851476?
5
What is the hundreds digit of 573323?
3
What is the millions digit of 13771995?
3
What is the ten thousands digit of 817698?
1
What is the units digit of 872563?
3
What is the millions digit of 3992303?
3
What is the ten thousands digit of 150679?
5
What is the ten thousands digit of 142352?
4
What is the ten thousands digit of 6402102?
0
What is the hundred thousands digit of 570946?
5
What is the tens digit of 25157031?
3
What is the thousands digit of 15232762?
2
What is the hundred thousands digit of 431413?
4
What is the ten thousands digit of 4300420?
0
What is the units digit of 127122?
2
What is the tens digit of 1569012?
1
What is the thousands digit of 3127420?
7
What is the thousands digit of 225210?
5
What is the units digit of 437787?
7
What is the tens digit of 2103097?
9
What is the hundred thousands digit of 8642745?
6
What is the units digit of 25903082?
2
What is the thousands digit of 10132523?
2
What is the hundred thousands digit of 494790?
4
What is the hundred thousands digit of 6196649?
1
What is the thousands digit of 1171719?
1
What is the units digit of 539402?
2
What is the thousands digit of 7472436?
2
What is the hundreds digit of 125461?
4
What is the millions digit of 15149993?
5
What is the hundred thousands digit of 1602250?
6
What is the millions digit of 14198594?
4
What is the tens digit of 2092997?
9
What is the thousands digit of 776788?
6
What is the tens digit of 549113?
1
What is the units digit of 1252735?
5
What is the tens digit of 455629?
2
What is the thousands digit of 865875?
5
What is the hundreds digit of 252769?
7
What is the tens digit of 10584622?
2
What is the hundreds digit of 2318794?
7
What is the tens digit of 189678?
7
What is the millions digit of 4214172?
4
What is the units digit of 137844?
4
What is the millions digit of 1096412?
1
What is the thousands digit of 507813?
7
What is the millions digit of 2495753?
2
What is the tens digit of 1109968?
6
What is the ten thousands digit of 139137?
3
What is the millions digit of 1468380?
1
What is the tens digit of 90024?
2
What is the thousands digit of 291918?
1
What is the ten thousands digit of 846038?
4
What is the tens digit of 7114014?
1
What is the thousands digit of 1443252?
3
What is the millions digit of 1549192?
1
What is the thousands digit of 5501013?
1
What is the tens digit of 134817?
1
What is the hundreds digit of 503202?
2
What is the hundreds digit of 49149?
1
What is the tens digit of 1185830?
3
What is the hundred thousands digit of 8118443?
1
What is the hundred thousands digit of 3688971?
6
What is the hundred thousands digit of 13844410?
8
What is the hundreds digit of 2708149?
1
What is the tens digit of 4989087?
8
What is the tens digit of 1192818?
1
What is the millions digit of 15336716?
5
What is the hundreds digit of 1100258?
2
What is the hundred thousands digit of 1116842?
1
What is the units digit of 627435?
5
What is the tens digit of 1188921?
2
What is the thousands digit of 217678?
7
What is the thousands digit of 12099387?
9
What is the tens digit of 86305?
0
What is the units digit of 4684595?
5
What is the tens digit of 170822?
2
What is the thousands digit of 595070?
5
What is the thousands digit of 4388344?
8
What is the hundreds digit of 616727?
7
What is the units digit of 104463?
3
What is the hundreds digit of 3646268?
2
What is the tens digit of 498464?
6
What is the ten thousands digit of 692041?
9
What is the thousands digit of 861969?
1
What is the thousands digit of 9328062?
8
What is the tens digit of 28079369?
6
What is the units digit of 182971?
1
What is the hundred thousands digit of 291541?
2
What is the units digit of 439176?
6
What is the hundred thousands digit of 279074?
2
What is the tens digit of 26453685?
8
What is the hundreds digit of 1456879?
8
What is the ten thousands digit of 479777?
7
What is the millions digit of 1417153?
1
What is the units digit of 464481?
1
What is the units digit of 401359?
9
What is the units digit of 212123?
3
What is the hundred thousands digit of 762068?
7
What is the tens digit of 141356?
5
What is the tens digit of 5222478?
7
What is the hundred thousands digit of 4581106?
5
What is the ten thousands digit of 1137190?
3
What is the units digit of 25599236?
6
What is the hundred thousands digit of 369173?
3
What is the hundred thousands digit of 2073784?
0
What is the units digit of 85210?
0
What is the ten millions digit of 14358358?
1
What is the hundred thousands digit of 155698?
1
What is the hundred thousands digit of 613070?
6
What is the tens digit of 10144515?
1
What is the hundreds digit of 393865?
8
What is the ten thousands digit of 616064?
1
What is the tens digit of 3438368?
6
What is the hundred thousands digit of 1001730?
0
What is the hundreds digit of 123213?
2
What is the millions digit of 30403178?
0
What is the thousands digit of 234611?
4
What is the tens digit of 2713821?
2
What is the ten thousands digit of 13320115?
2
What is the tens digit of 8559025?
2
What is the tens digit of 600972?
7
What is the thousands digit of 2114580?
4
What is the hundreds digit of 25367?
3
What is the thousands digit of 1642683?
2
What is the units digit of 2603552?
2
What is the hundreds digit of 2603484?
4
What is the hundreds digit of 716666?
6
What is the units digit of 19691777?
7
What is the millions digit of 2058660?
2
What is the hundreds digit of 393712?
7
What is the hundred thousands digit of 1969025?
9
What is the millions digit of 3513738?
3
What is the hundreds digit of 52037?
0
What is the ten thousands digit of 1091119?
9
What is the ten thousands digit of 9063231?
6
What is the hundreds digit of 243904?
9
What is the tens digit of 5918823?
2
What is the hundreds digit of 185585?
5
What is the tens digit of 232950?
5
What is the ten millions digit of 15178093?
1
What is the hundred thousands digit of 7800116?
8
What is the hundreds digit of 1790041?
0
What is the hundred thousands digit of 969682?
9
What is the hundreds digit of 150445?
4
What is the tens digit of 1026802?
0
What is the thousands digit of 339587?
9
What is the units digit of 2333475?
5
What is the tens digit of 2166915?
1
What is the thousands digit of 175827?
5
What is the ten millions digit of 26114491?
2
What is the ten thousands digit of 4594813?
9
What is the hundreds digit of 101737?
7
What is the hundred thousands digit of 209708?
2
What is the millions digit of 7981196?
7
What is the tens digit of 6279465?
6
What is the hundreds digit of 7742?
7
What is the units digit of 1852854?
4
What is the hundred thousands digit o